 be s(-3). Calculate the greatest common factor of r and 48.
8
Suppose 2*q - 211 + 49 = 0. What is the highest common divisor of q and 9?
9
Let k = -54 - -135. What is the greatest common divisor of 9 and k?
9
Let p be (-5 - -1)/2 + 24. Let r be (-10)/(-4*1/22). Calculate the highest common factor of p and r.
11
Let h = -5 + 6. Let x = h - -20. Calculate the highest common factor of x and 3.
3
Let n = 0 + 0. Suppose 3*x + 5*o = -6 + 2, 3*x - 5*o - 46 = n. Suppose -3*g - 2*g = -315. Calculate the highest common factor of g and x.
7
Suppose 3*n + 6 = -4*v - 2, -2*n + 2 = -v. Let o be v - 42/9*-3. Calculate the highest common divisor of o and 108.
12
Let c be 1/(1 - 3/4). Suppose 2 = -c*x + 18. Suppose 3*f = w - 12, -4*f - x = 4. What is the highest common divisor of 18 and w?
6
Suppose 2*t - t = 180. What is the greatest common factor of 20 and t?
20
Let q(p) = 34*p. Let a be q(-1). Let u = 47 + a. Calculate the greatest common factor of u and 39.
13
Suppose 155 - 23 = n. What is the greatest common factor of n and 12?
12
Let o = -88 + 153. What is the greatest common factor of 5 and o?
5
Let t(n) = 10*n - 3. Let u be t(2). What is the highest common divisor of u and 85?
17
Suppose 2*p - 18 = p - 2*n, -18 = -p - 3*n. What is the highest common divisor of 27 and p?
9
Suppose 5*r = 10 + 10, -4*b - 2*r = -80. Suppose -5*q = -2*q - b. Calculate the highest common factor of 3 and q.
3
Let x be -1*(-1 - (1 + -3)). Let w be ((-2)/(-6))/(x/(-3)). What is the greatest common divisor of w and 8?
1
Let y = -6 + 14. Let i be (-45)/(-12) - (-2)/y. Suppose -i*r + 51 = 3. Calculate the highest common divisor of r and 12.
12
Let u(q) = -q. Let c be u(0). Suppose 4*f + c*f - 280 = 0. Suppose -4*t = -7*t + 42. What is the greatest common factor of t and f?
14
Let i = 4 + -1. Suppose -v - 1 = -3. Suppose -5*h + 4 = v*d, 4*d - 2*h - 2*h = 8. What is the highest common factor of d and i?
1
Let q be 1 - ((-9)/1 + 2). Let g be (-6)/q - (-156)/16. Calculate the greatest common divisor of g and 54.
9
Suppose q = 6*q - 5*t + 5, 3*q + t - 9 = 0. Let w = 19 + -7. Suppose -3*d + w = -d. What is the greatest common factor of d and q?
2
Let x be (2 - 1) + 2*-2. Let i = x - -3. Let o = 9 - i. What is the highest common divisor of 72 and o?
9
Let f be ((2 - 1) + -2)*(9 - 57). Calculate the highest common divisor of 72 and f.
24
Let x = 17 - 14. Let v(d) = 2*d**2 + 5*d - 3. Let l be v(x). Calculate the greatest common divisor of l and 10.
10
Let t be (-3)/(-2)*(-7 + 51). Let m = 25 - 19. Calculate the greatest common divisor of m and t.
6
Let f = -67 + 19. Let w = 2 - f. Suppose 2*m + 3*m = w. What is the highest common factor of m and 5?
5
Let a be ((-20)/(-6))/((-4)/(-24)). Suppose 1 = 2*s - 59. Calculate the highest common divisor of s and a.
10
Let h be (-3)/6*-12 - -2. Suppose j = -j + h. Let s(w) = 2*w + 1. Let a be s(j). Calculate the greatest common factor of a and 6.
3
Suppose 5*o + 5*w - 20 = 0, -3*w - 4 = -2*w. Suppose 2*l - o = -0. Calculate the highest common divisor of 44 and l.
4
Let r = 139 + -120. What is the greatest common factor of 38 and r?
19
Let x be 4 + (-78)/18 - 732/(-9). What is the highest common factor of x and 54?
27
Let p be 1/1*2*1. Suppose -5*k = i - 0*k + 23, p = -4*i - 2*k. Suppose 0 = o, 5*z - 2*o - 110 = -0*z. What is the highest common divisor of z and i?
2
Let g be (-78)/(-5) - (-2)/5. Let b be (1 + (-145)/(-35))/(6/28). Calculate the greatest common divisor of g and b.
8
Suppose 4*j + 5 = -5*z, 0 = -5*z + 3*z - 2*j. Let w be (z/(-4))/(4/16). Let s be (-1 - 3) + (-58)/(-2). Calculate the greatest common factor of w and s.
5
Let l = -114 - -49. Let r = l + 129. What is the highest common divisor of r and 16?
16
Let g(y) = 13*y + 1. Let i(m) = -13*m. Let c(q) = -5*g(q) - 4*i(q). Let p be c(-8). What is the greatest common factor of p and 9?
9
Let m be (-8)/(-12) + 112/12. Suppose -7 = 3*t - 97. What is the highest common factor of t and m?
10
Suppose 4*o - 147 - 93 = 0. Calculate the greatest common divisor of o and 40.
20
Suppose 0 = -5*b - 0*b + 10. Let j be b*(-2)/4 - -25. What is the highest common factor of j and 60?
12
Suppose 20*r = 15*r. Suppose w + 2*o - 15 = 0, r*w - 3*o = 5*w - 68. Suppose -a = 2*a - 351. What is the highest common divisor of w and a?
13
Let m(y) = 3*y**2 - 1. Let n be m(-1). Suppose -3*a + 75 = n*a. What is the highest common factor of a and 15?
15
Let l = 11 - 7. Calculate the greatest common divisor of 32 and l.
4
Suppose 5*v - 7 - 8 = 0. Suppose -v*t = u - 35, t + 45 = u + 6*t. Suppose 3*z - u = -2*z. What is the greatest common divisor of 36 and z?
4
Let a = 288 + -118. Let h = -27 + 44. Calculate the highest common factor of a and h.
17
Let m = 11 - -15. Suppose -62 = -4*x + m. What is the highest common factor of x and 198?
22
Let c(k) = -8*k - 3. Let m be c(-2). Suppose -3*z + 7 = 1. Suppose -4*g + z*g + 2*x = -152, -2*g + 4*x = -148. Calculate the highest common divisor of m and g.
13
Let w be (-4)/5*(-25)/10. Let o be w/(-10) + 42/(-15). Let y(d) = d + 5. Let i be y(o). What is the highest common divisor of 6 and i?
2
Let w = 20 - 5. What is the highest common factor of 6 and w?
3
Let y = 2 + -1. Let p be 1/(-2*y/(-306)). Let r = 47 + -30. What is the highest common factor of r and p?
17
Suppose 0*l - 4*l = -392. Let a = 13 - -1. Calculate the highest common divisor of l and a.
14
Let r be (9/3)/((-2)/(-4)). Let a(m) = 3*m**2 - 6*m + 5. Let i be a(r). Let x be 96/9 + (-1)/(-3). Calculate the greatest common divisor of x and i.
11
Suppose 4*p - 3*r = -47, r + 4 + 6 = -p. Let c be (-18)/10*(p + -4). Calculate the greatest common divisor of c and 3.
3
Suppose 0 = 4*g + 2*o + o - 39, -3*o + 33 = 3*g. Let h = 96 - 54. What is the greatest common factor of h and g?
6
Let t = 27 + -13. What is the highest common divisor of 14 and t?
14
Let o be 1/3 + 38/3. Let f be 864/(-10) + 4/10. Let q = 177 + f. Calculate the greatest common divisor of o and q.
13
Let p = 717 - -647. Suppose -3*d + 13 + 11 = 0. Let c be p/16 + (-2)/d. Calculate the highest common divisor of c and 17.
17
Suppose -3 = 3*s - 4*s. Suppose 4 = -s*r - 2. Let h(m) = -10*m. Let t be h(r). What is the greatest common factor of 30 and t?
10
Let n = 19 - 10. What is the highest common divisor of 18 and n?
9
Let v(b) = -5*b + 1. Let d be v(-2). Let n be d/6 - 2/(-12). Calculate the highest common divisor of 3 and n.
1
Suppose -6*f + 5*f = -66. What is the greatest common factor of f and 6?
6
Let d be (-1)/(5/(-60)) - 2. What is the greatest common factor of 15 and d?
5
Let n(w) = w**2 + 3*w + 4. Let d be n(-4). Let l be (48/(-10))/(39/(-260)). Calculate the greatest common factor of l and d.
8
Let f = 7 - 33. Let r = f - -44. What is the greatest common factor of r and 18?
18
Let h = 3 + -2. Let y = 5 - -1. Let r be 21/y - 2/(-4). Calculate the highest common factor of h and r.
1
Let n = -54 - -73. What is the greatest common factor of n and 95?
19
Suppose -357 = -5*y + 143. What is the greatest common divisor of y and 20?
20
Let a = 64 - 40. Suppose 0 = -3*j - 8*w + 4*w + 76, 5*j + 4*w = 124. Calculate the highest common factor of j and a.
24
Suppose -3*p = 2*p - 5. Suppose -19 - p = -z. Let k(h) = h**3 + 4*h**2 - h + 1. Let l be k(-4). Calculate the greatest common factor of l and z.
5
Let b = -9 + 5. Let l be -2 + (1 - b) + 69. Let c(d) = -2*d - 3. Let q be c(-6). Calculate the highest common factor of l and q.
9
Let b be 7/(21/396) + 1. Suppose 5*r + 485 = -y - 216, -r = 2*y + b. Let l = r + 253. Calculate the greatest common divisor of 16 and l.
16
Let f = 32 - 5. What is the greatest common factor of 3 and f?
3
Let y(s) = s**2 - 5*s - 8. Suppose 29 = 3*v + 5. Let r be y(v). Suppose -4*b - 76 = -4*z, -5*z - 4*b + 145 = b. Calculate the highest common factor of z and r.
8
Let v(a) = -a**3 + 2. Let q be v(-3). Suppose -1 = -3*i + q. Suppose -i - 14 = -4*t. What is the greatest common factor of 24 and t?
6
Let h(k) = 4*k**2 - 32*k - 11. Let o be h(10). What is the greatest common factor of o and 46?
23
Suppose -192 = 12*m - 18*m. What is the highest common divisor of 4 and m?
4
Suppose -2*v = -5*v - 9. Let c be (56/(-6))/(1/v). Calculate the highest common factor of c and 7.
7
Suppose -5*u + 4*u + 117 = -4*r, -5*u + 3*r = -534. Calculate the grea